) = d**2 - d - 2. Let n(u) = -u**2 - 3 - 3*u - 3 + 2*u**2. Let s be n(5). Suppose s*k - 3*b + 8*b = 17, -5*b = 2*k - 21. What is q(k)?
4
Let n(m) = 2*m**2 + 7*m + 4. Let b(p) = -8*p - 60. Let q be b(-7). Determine n(q).
8
Let i(v) = 4*v**3 + 16*v**2 + 8*v + 1. Let u(y) = y**3 + 5*y**2 + 3*y. Let b(a) = -2*i(a) + 7*u(a). Give b(4).
2
Let a(y) be the first derivative of -3*y - 1/2*y**2 + 2. Suppose 0*t = -4*t - 4*h - 32, -3*t - 5*h - 30 = 0. Give a(t).
2
Let u(v) = 4*v + 6. Let s(j) = -j - 1. Let w(d) = 5*s(d) + u(d). Let l be w(-3). Let z(y) = y**2 - 4*y + 3. Give z(l).
3
Let f(g) be the third derivative of -g**3/6 + 4*g**2. Let r(j) = j**3 - j**2 + j - 17. Let n(l) = 5*f(l) - r(l). Give n(0).
12
Let m = -6 - -7. Let f(n) = 8*n - n**2 + n**3 - 3*n - 1 - 4*n**2 - m. Give f(4).
2
Let a(l) = -2*l - 7. Let q(z) = -2*z - 7. Let o(h) = 3*a(h) - 2*q(h). What is o(-10)?
13
Let j(v) = -3*v - 2. Suppose -3*c + 3*w = 15, -3*w + 1 = 3*c - 4*c. Let b be (-2)/c + 26/7. Suppose 0 = -4*f - b - 4. What is j(f)?
4
Let f(j) = -j**2 - 7*j + 10. Let h be f(-8). Suppose -9*s = -4*c - 5*s + 16, 0 = -4*s - 16. Let a(r) = r**2 + c*r - r + 2*r - h + 0. Give a(0).
-2
Let o = -9 + 14. Let j = o + -2. Let f(y) = -5 - y**2 + 1 + 2 + 5*y. Give f(j).
4
Let i be 2/3 - (-56)/6. Let z = i + -5. Let r(p) = p - 1. What is r(z)?
4
Suppose 2*q = -3*l - 11 - 4, -20 = 4*l. Suppose q = 3*c + c. Let b be -4 - -2 - (c - 6). Let r(a) = -3*a + 4. What is r(b)?
-8
Suppose -3*c = -5*l + 9, 2*l = 4*c - 0 - 2. Suppose c*k + 13 = 3. Let g(z) = z**3 + 6*z**2 + 3*z - 3. Calculate g(k).
7
Let f(i) = -2*i - i + 8*i - 3*i - 2 + 3*i**2. Determine f(-2).
6
Let t(p) = -p**3 + p**2 + p - 1. Let j(h) = -5*h**3 + 7*h**2 + h - 5. Let n(m) = j(m) - 4*t(m). Determine n(3).
-10
Let t(g) = -3*g**2 + g. Suppose -c - 2*a = -3*c + 2, 4*c - 4 = 3*a. Determine t(c).
-2
Let p(q) = 4*q + 1. Suppose 0 = s + 2*s + 9. Calculate p(s).
-11
Let p(z) = 33*z**2 + 26*z**2 - 1 - z - 58*z**2. Determine p(-2).
5
Let m be ((-12)/(-8))/(12/(-16)). Let c(a) = -a**3 - 2*a**2 - a - 2. Let y be c(m). Let j(t) = t - 2. Calculate j(y).
-2
Let u(k) = 4*k + 2. Let q = -42 - -44. Determine u(q).
10
Let a be (-1)/6 + ((-95)/6)/(-5). Let y(q) = -5*q + 0*q**2 + q**2 + 6*q + 3. What is y(a)?
15
Suppose 0*x + 5*x = 0. Let c(v) = 0*v**3 + x - 3 - 4*v + v**3. Let n be ((-4)/5)/(6/15). Determine c(n).
-3
Suppose b - 5*r = 17, 3*b = -r - r. Let k(c) = -3*c**3 + 1 + 2*c**3 - 5*c - 3*c**b - 3*c**2. What is k(-5)?
1
Let m(i) = -i - i + 0*i. Let x be (-3)/3 + 3 + -5. Determine m(x).
6
Let x(n) = -1 + 0 - 10*n**2 + 9*n**2 + 2*n. Give x(2).
-1
Let n(b) = -b - 3. Let z be n(-5). Let r(t) = -2*t**2 + 2*t - t + 10*t**z. Give r(-1).
7
Let k(r) be the first derivative of r**2/2 + 10. Determine k(-6).
-6
Let y(u) = 2*u**3 - 3*u**2 + 2*u + 2. Let v(w) be the third derivative of w**4/24 + 2*w**2. Let c be v(4). Suppose 0 = -p + 3*p - c. Calculate y(p).
10
Let q(y) = y**3 + 23*y + 0*y**2 + 3*y**2 - 26*y - 2. Suppose 2 = t - 1. Suppose t*j + 12 = 3. Calculate q(j).
7
Let y(o) be the third derivative of -o**6/120 - o**5/60 + o**4/8 + 4*o**2. Calculate y(-3).
9
Suppose 0 = -4*y + 2*q + 146, q - 54 = -2*y + 25. Let o be y/(-9) - 2/(-9). Let x(h) = -h**2 - 5*h - 1. Calculate x(o).
3
Suppose 0 = -s + 3*o - 10, -3*s - o = -0*o. Let q(a) = 8*a**2 + 1. Calculate q(s).
9
Let a(h) = -2*h - 2 - 7*h**2 + h - 2*h**3 + 5*h**2. Suppose -4*r + 8 = 2*t - 7*r, -2*r = -3*t + 2. What is a(t)?
8
Suppose 5*i - 2*t = -9 + 1, 8 = -i + 2*t. Let x(n) = 3*n - 10. Let u(f) = 2*f - 7. Let v(h) = -8*u(h) + 5*x(h). Determine v(i).
6
Let o = 15 - 11. Let j(n) = -n**3 + 3*n**2 + 5*n + 2. Give j(o).
6
Let m = 2 - 4. Let r(q) = -2*q**2 + 5. Let f(w) = 1. Let k(d) = -6*f(d) + r(d). Calculate k(m).
-9
Let o(m) = m**3 + m**2 - m - 1. Suppose -3*d - g = -0*g, 4*g = 0. Determine o(d).
-1
Let l(x) = -x**2 - 5*x + 2. Let i = 15 - 19. Determine l(i).
6
Let j be (-8)/28 + 30/7. Suppose -j*l + 6 = 22. Let k(h) = -h + 2. Calculate k(l).
6
Let p(c) = c - 6. Let h be p(5). Let v(l) = -l**2 + 4*l + 3. Let g be v(4). Let j(u) = 2*u**g + 3*u**3 - 2*u**2 + 0*u**3 - u. Calculate j(h).
-6
Let z(l) = l**2 - 6*l - 2 + 1 - 2. Let v be 18*2/(-12)*-2. Determine z(v).
-3
Let g(z) = -10*z + 30. Let a(j) = 3*j - 10. Let d(l) = -7*a(l) - 2*g(l). Suppose 13 = 5*x - 17. What is d(x)?
4
Let m(b) = -b**3 + 4*b**2 + 3*b + 2. Let t be (-125)/(-10)*(-4)/5. Let l = -6 - t. Determine m(l).
14
Let t(h) be the second derivative of -h**4/24 - 5*h**3/6 + h**2/2 - 2*h. Let i(z) be the first derivative of t(z). Let q be (1 + 0)*0/(-1). Determine i(q).
-5
Let f be 1/3*-3*1. Let j(d) = 6*d**2 - 5*d - 4. Let p(w) = -w - 1. Let z(o) = -4*o. Let n be z(-1). Let q(r) = f*j(r) + n*p(r). Determine q(-1).
-7
Let r(y) = y**2 - 5*y + 3. Let p = -3 - -5. Suppose t - 6 = p*i, t + 6 - 21 = 5*i. Suppose 0 = -5*a - 3*b + 1, 4*a - 5*b - 13 - 10 = t. Determine r(a).
-3
Suppose 2*t = -t - 9, -v = t + 3. Let i(b) be the third derivative of 0 - b**2 + v*b - 1/3*b**3 - 1/6*b**4. What is i(-2)?
6
Let q(k) = 6*k. Let b = -27 + 26. Give q(b).
-6
Let r(j) = -2*j**3 + 15*j**2 + 5*j + 16. Let i(d) = -d**3 + 7*d**2 + 3*d + 8. Let t(a) = 5*i(a) - 2*r(a). Let z(c) = -c + 24. Let n be z(18). Calculate t(n).
2
Let n(t) = -13*t**3 + 20*t**2 - t + 1. Let o(r) = -r**3 - r**2 - 2*r + 1. Let y be o(-2). Let u(x) = 3*x**3 - 5*x**2. Let j(b) = y*u(b) + 2*n(b). What is j(5)?
-8
Let p(h) = 2*h + 9. Let y(g) = -2*g - 8. Let n(w) = -4*p(w) - 5*y(w). Let l(a) = a**3 - 2*a**2 - 3*a - 4. Let z be l(3). Calculate n(z).
-4
Let f(x) = x + 2. Suppose 0 = -3*g + 2 + 7. Suppose -g*i = -6*i + 93. Suppose 3*u = -4*w, -5*w = -8*u + 4*u - i. Give f(u).
-2
Let z(b) be the second derivative of 1/4*b**4 + 5/2*b**2 + 0 - 1/20*b**5 - 2*b + 1/3*b**3. Let k(m) = -m**2 + 4*m + 81. Let x be k(11). Give z(x).
-3
Let q(p) be the first derivative of -p**2 - 4*p - 21. Calculate q(-3).
2
Let o(a) = a**3 + 8*a**2 - 4. Suppose -3*l = n + 23, -2*n - 2*l = -0*l + 26. Let m be o(n). Let b(u) = u**2 + 5*u. What is b(m)?
-4
Let b = -49 - -52. Let p(z) = 4 + 3*z + 4*z**2 + 0 - z**3 - 3*z**2. What is p(b)?
-5
Suppose 5*d + 46 = 66. Let k(y) be the second derivative of 1/4*y**d - 3/2*y**2 - 5*y + 0 + 1/3*y**3. Give k(2).
13
Let r be -15 + -18 + 1/1. Let b be (0 - 1) + r/8. Let q(a) = 2*a + 5. Let t(d) = -1. Let l(s) = q(s) - 2*t(s). What is l(b)?
-3
Let d(p) be the third derivative of -p**4/24 - p**3/2 + 2*p**2. Let i = 6 - 5. Let r = i + 3. Determine d(r).
-7
Let k(y) = 3*y - 17. Let b be k(8). Let x(d) = -d**3 + 6*d**2 + 8*d - 9. Calculate x(b).
-2
Let m(d) = -3*d - 19. Let q be m(-7). Let p(r) = -r**3 + 3*r**2 - 2*r - 2. Give p(q).
-2
Let t be (-4)/(-8)*-4 - -3. Let q(r) = -15*r**2 - 2*r - 9. Let s = 23 + -12. Let o(a) = -8*a**2 - a - 5. Let l(b) = s*o(b) - 6*q(b). Calculate l(t).
2
Let n(x) = 0 - 3 + 1 + 2*x. Suppose -6*a + 0*a = -12. What is n(a)?
2
Suppose -4*t + 8*t - 12 = 0. Let k(y) = 2*y + y**2 + 1 + t + 5*y. Calculate k(-6).
-2
Suppose 8 = -4*c, 2*a + 3*a - 5*c = 40. Let j(o) = 2*o + 4. Let k(d) = -3*d - 3. Let w(q) = 5*j(q) + 4*k(q). What is w(a)?
-4
Let r(v) = -v**3 - 4*v**2 + 7*v - 1. Let x(i) = i**2 - 3*i - 5. Let h be x(0). Calculate r(h).
-11
Let v(k) = k - 7. Let s(z) = z**3 - 5*z**2 + 4*z. Let m = -5 + 9. Let y be s(m). What is v(y)?
-7
Let a(d) = 163*d - 4 + d**2 - 164*d - 2*d**2 - d**3. Give a(0).
-4
Suppose 0 = z + 2*s - 10, -4*z - 19 = 5*s - 47. Let h(l) = 4 + 0*l**z + 2*l**2 - 5 - l - l**2. Calculate h(0).
-1
Let m(v) = -15*v - 27. Let c(x) = 3*x + 2*x + 13 + 2*x. Let l(g) = 9*c(g) + 4*m(g). Calculate l(-6).
-9
Let g(k) = k**2 - 5*k + 7. Suppose 5*s - 29 = -4. What is g(s)?
7
Let w(z) = z**2 - 2*z + 2. Let o be w(2). Let j(f) = -2*f - 8. Let u be j(-6). Let m(t) = u*t - 5*t + 12*t**2 - 3*t**2 - 2 - 10*t**2. Calculate m(o).
-8
Let r(l) be the third derivative of l**5/30 - 5*l**4/24 + l**3/2 - 7*l**2. Calculate r(3).
6
Let y(j) = -24*j**3 + 3 + 23*j**3 + j**2 - 3*j**2 + 3*j**2. Determine y(3).
-15
Suppose n + 4*n + 10 = 0. Let r(t) = -4*t**3 - 7*t**2 + 4*t - 7. Let q(j) = -j**3 - 2*j**2 + j - 2. Let w(o) = -7*q(o) + 2*r(o). What is w(n)?
6
Let a(x) = 2*x**3 - 5*x**2 + x - 3. Let k(z) be the second derivative of -z**5/20 + z**4/4 - z**3/6 + z**2/2 + z. Let v(m) = -2*a(m) - 5*k(m). Calculate v(3